f 36079.
109, 331
List the prime factors of 72050.
2, 5, 11, 131
List the prime factors of 20220480.
2, 3, 5, 7, 17, 59
List the prime factors of 202788.
2, 3, 43, 131
What are the prime factors of 2888379?
3, 13, 211
List the prime factors of 1417921.
67, 21163
List the prime factors of 7105302.
2, 3, 394739
What are the prime factors of 318424?
2, 53, 751
List the prime factors of 538599.
3, 179533
What are the prime factors of 3728241?
3, 11, 12553
List the prime factors of 280397.
13, 21569
List the prime factors of 7719012.
2, 3, 7, 30631
List the prime factors of 351110.
2, 5, 35111
List the prime factors of 4874849.
7, 19, 36653
What are the prime factors of 2858715?
3, 5, 63527
List the prime factors of 1819017.
3, 17, 1321
What are the prime factors of 5412388?
2, 101, 13397
What are the prime factors of 2551732?
2, 637933
What are the prime factors of 609365?
5, 17, 67, 107
What are the prime factors of 17741186?
2, 8870593
List the prime factors of 180863.
17, 10639
List the prime factors of 18818090.
2, 5, 43, 107, 409
What are the prime factors of 7037746?
2, 3518873
List the prime factors of 5528890.
2, 5, 59, 9371
List the prime factors of 1605111.
3, 535037
List the prime factors of 1369590.
2, 3, 5, 71, 643
What are the prime factors of 7324983?
3, 311, 2617
What are the prime factors of 40032?
2, 3, 139
List the prime factors of 640200.
2, 3, 5, 11, 97
List the prime factors of 1014292.
2, 253573
What are the prime factors of 1090564?
2, 103, 2647
List the prime factors of 28502.
2, 14251
List the prime factors of 6525374.
2, 3262687
List the prime factors of 173985.
3, 5, 7, 1657
List the prime factors of 80769.
3, 13, 19, 109
What are the prime factors of 3979856?
2, 251, 991
What are the prime factors of 2758764?
2, 3, 229897
List the prime factors of 14412166.
2, 37, 59, 3301
What are the prime factors of 9072323?
13, 487, 1433
List the prime factors of 1282554.
2, 3, 7, 13, 29
List the prime factors of 6158421.
3, 684269
What are the prime factors of 904041?
3, 11161
List the prime factors of 1071907.
1071907
List the prime factors of 9212743.
79, 277, 421
List the prime factors of 136167.
3, 45389
What are the prime factors of 971281?
971281
What are the prime factors of 1693884?
2, 3, 141157
What are the prime factors of 9715894?
2, 79, 61493
What are the prime factors of 17208943?
59, 291677
What are the prime factors of 5790553?
41, 141233
List the prime factors of 5186478.
2, 3, 11, 78583
What are the prime factors of 4720049?
4720049
List the prime factors of 363648.
2, 3, 947
What are the prime factors of 21277034?
2, 10638517
What are the prime factors of 31913876?
2, 137, 58237
What are the prime factors of 1281471?
3, 347, 1231
List the prime factors of 3119381.
17, 281, 653
List the prime factors of 962541.
3, 106949
What are the prime factors of 946155?
3, 5, 7, 9011
What are the prime factors of 249679?
17, 19, 773
What are the prime factors of 205844?
2, 51461
What are the prime factors of 4368816?
2, 3, 3371
List the prime factors of 7606729.
13, 29, 20177
List the prime factors of 5280171.
3, 13, 135389
What are the prime factors of 79179?
3, 26393
What are the prime factors of 1917107?
17, 112771
What are the prime factors of 2035777?
37, 55021
What are the prime factors of 10103096?
2, 1262887
List the prime factors of 118915.
5, 17, 1399
What are the prime factors of 146009?
146009
List the prime factors of 40478821.
191, 211931
What are the prime factors of 303097?
303097
What are the prime factors of 379476?
2, 3, 83, 127
What are the prime factors of 87679?
87679
List the prime factors of 274047.
3, 167, 547
List the prime factors of 164905.
5, 13, 43, 59
List the prime factors of 517124.
2, 129281
List the prime factors of 11295649.
11295649
List the prime factors of 200003.
200003
List the prime factors of 198288.
2, 3, 17
What are the prime factors of 1653205?
5, 330641
What are the prime factors of 523805?
5, 104761
List the prime factors of 16559377.
17, 29, 33589
List the prime factors of 280145.
5, 43, 1303
List the prime factors of 13092950.
2, 5, 13, 20143
What are the prime factors of 722303?
29, 24907
What are the prime factors of 49179?
3, 13, 97
List the prime factors of 189337.
189337
What are the prime factors of 544026?
2, 3, 7, 12953
List the prime factors of 1138254.
2, 3, 13, 14593
What are the prime factors of 279818?
2, 7, 11, 23, 79
List the prime factors of 334295.
5, 13, 37, 139
List the prime factors of 197785.
5, 7, 5651
List the prime factors of 283653.
3, 31517
List the prime factors of 2959201.
7, 73, 5791
What are the prime factors of 3229448?
2, 403681
What are the prime factors of 110925?
3, 5, 17, 29
What are the prime factors of 1385659?
11, 103, 1223
What are the prime factors of 78766?
2, 39383
What are the prime factors of 1767091?
1767091
List the prime factors of 5900897.
47, 125551
List the prime factors of 2167272.
2, 3, 31, 971
List the prime factors of 5546868.
2, 3, 462239
List the prime factors of 3022178.
2, 19, 79531
What are the prime factors of 595448?
2, 7, 31
What are the prime factors of 5421360?
2, 3, 5, 7, 461
List the prime factors of 2262179.
409, 5531
List the prime factors of 181332.
2, 3, 23, 73
What are the prime factors of 8006965?
5, 137, 11689
What are the prime factors of 82511?
11, 13, 577
What are the prime factors of 344014?
2, 11, 19, 823
List the prime factors of 6641588.
2, 109, 15233
What are the prime factors of 4006693?
37, 108289
List the prime factors of 357705.
3, 5, 7949
What are the prime factors of 223093?
13, 131
What are the prime factors of 1206243?
3, 101, 1327
What are the prime factors of 554136?
2, 3, 11, 2099
List the prime factors of 666167.
666167
List the prime factors of 711305.
5, 7, 20323
What are the prime factors of 4927890?
2, 3, 5, 11, 109, 137
What are the prime factors of 17166641?
83, 206827
What are the prime factors of 786631?
173, 4547
What are the prime factors of 2297265?
3, 5, 153151
What are the prime factors of 10037885?
5, 11, 13, 101, 139
What are the prime factors of 45658?
2, 37, 617
List the prime factors of 68055.
3, 5, 13, 349
What are the prime factors of 1856888?
2, 11, 21101
What are the prime factors of 397439?
7, 8111
List the prime factors of 329617.
329617
What are the prime factors of 108958?
2, 157, 347
What are the prime factors of 139661?
139661
List the prime factors of 8035978.
2, 4017989
List the prime factors of 271345.
5, 54269
What are the prime factors of 304077?
3, 101359
List the prime factors of 1815787.
17, 61, 103
List the prime factors of 53411.
53411
List the prime factors of 291248.
2, 109, 167
What are the prime factors of 1409669?
43, 32783
What are the prime factors of 407128?
2, 50891
What are the prime factors of 261618?
2, 3, 7, 6229
What are the prime factors of 11015771?
13, 847367
What are the prime factors of 7606542?
2, 3, 1267757
List the prime factors of 956150.
2, 5, 13, 1471
What are the prime factors of 4441711?
31, 143281
What are the prime factors of 7591313?
7591313
List the prime factors of 733242.
2, 3, 122207
What are the prime factors of 2193049?
41, 89, 601
List the prime factors of 2580898.
2, 37, 34877
What are the prime factors of 585026?
2, 13, 22501
What are the prime factors of 774183?
3, 258061
What are the prime factors of 2598506?
2, 283, 4591
What are the prime factors of 8856382?
2, 4428191
What are the prime factors of 191028?
2, 3, 15919
What are the prime factors of 7277001?
3, 59, 41113
What are the prime factors of 4109857?
4109857
List the prime factors of 1085000.
2, 5, 7, 31
List the prime factors of 2510678.
2, 167, 7517
What are the prime factors of 22425433?
22425433
What are the prime factors of 4147876?
2, 313, 3313
What are the prime factors of 3497418?
2, 3, 21589
What are the prime factors of 2427389?
2427389
List the prime factors of 53232.
2, 3, 1109
List the prime factors of 21516472.
2, 41, 65599
What are the prime factors of 21814336?
2, 340849
List the prime factors of 3671487.
3, 29, 521
List the prime factors of 1246622.
2, 13, 47947
What are the prime factors of 3737245?
5, 747449
List the prime factors of 7820318.
2, 11, 373, 953
What are the prime factors of 766035?
3, 5, 29, 587
What are the pr